{"id":169,"date":"2025-05-01T03:02:14","date_gmt":"2025-05-01T03:02:14","guid":{"rendered":"https:\/\/travelexperienceperu.com\/?page_id=169"},"modified":"2025-11-27T03:05:11","modified_gmt":"2025-11-27T03:05:11","slug":"1-a","status":"publish","type":"page","link":"https:\/\/travelexperienceperu.com\/index.php\/machu-picchu\/1-a\/","title":{"rendered":"Ruta 1-A"},"content":{"rendered":"<p>[et_pb_section fb_built=&#8221;1&#8243; module_id=&#8221;1-A&#8221; _builder_version=&#8221;4.27.4&#8243; _module_preset=&#8221;default&#8221; background_color=&#8221;#2a2632&#8243; hover_enabled=&#8221;0&#8243; da_disable_devices=&#8221;off|off|off&#8221; global_colors_info=&#8221;{}&#8221; theme_builder_area=&#8221;post_content&#8221; sticky_enabled=&#8221;0&#8243; da_is_popup=&#8221;off&#8221; da_exit_intent=&#8221;off&#8221; da_has_close=&#8221;on&#8221; da_alt_close=&#8221;off&#8221; da_dark_close=&#8221;off&#8221; da_not_modal=&#8221;on&#8221; da_is_singular=&#8221;off&#8221; da_with_loader=&#8221;off&#8221; da_has_shadow=&#8221;on&#8221;][et_pb_row _builder_version=&#8221;4.27.4&#8243; _module_preset=&#8221;default&#8221; global_colors_info=&#8221;{}&#8221; theme_builder_area=&#8221;post_content&#8221;][et_pb_column type=&#8221;4_4&#8243; _builder_version=&#8221;4.27.4&#8243; _module_preset=&#8221;default&#8221; global_colors_info=&#8221;{}&#8221; theme_builder_area=&#8221;post_content&#8221;][et_pb_post_title meta=&#8221;off&#8221; _builder_version=&#8221;4.27.4&#8243; _module_preset=&#8221;default&#8221; title_level=&#8221;h2&#8243; title_text_color=&#8221;#FFFF72&#8243; background_color=&#8221;#B83A01&#8243; text_orientation=&#8221;center&#8221; max_width=&#8221;60%&#8221; module_alignment=&#8221;center&#8221; custom_padding=&#8221;12px||||false|false&#8221; border_radii=&#8221;on|12px|12px|12px|12px&#8221; box_shadow_style=&#8221;preset1&#8243; global_colors_info=&#8221;{}&#8221; theme_builder_area=&#8221;post_content&#8221;][\/et_pb_post_title][\/et_pb_column][\/et_pb_row][et_pb_row _builder_version=&#8221;4.27.4&#8243; _module_preset=&#8221;default&#8221; global_colors_info=&#8221;{}&#8221; theme_builder_area=&#8221;post_content&#8221;][et_pb_column type=&#8221;4_4&#8243; _builder_version=&#8221;4.27.4&#8243; _module_preset=&#8221;default&#8221; global_colors_info=&#8221;{}&#8221; theme_builder_area=&#8221;post_content&#8221;][et_pb_text _builder_version=&#8221;4.27.4&#8243; _module_preset=&#8221;default&#8221; header_4_text_align=&#8221;center&#8221; text_orientation=&#8221;center&#8221; hover_enabled=&#8221;0&#8243; global_colors_info=&#8221;{}&#8221; theme_builder_area=&#8221;post_content&#8221; background_layout=&#8221;dark&#8221; sticky_enabled=&#8221;0&#8243;]<\/p>\n<h4 style=\"text-align: justify;\">Esta emocionante y desafiante caminata es una invitaci\u00f3n a vivir una experiencia \u00fanica en la vida: alcanzar la cumbre de la imponente Monta\u00f1a Machu Picchu. Este majestuoso pico, que se alza con orgullo sobre la legendaria ciudadela inca, ofrece una perspectiva completamente diferente y fascinante de uno de los destinos m\u00e1s emblem\u00e1ticos del mundo. Desde lo m\u00e1s alto, ser\u00e1s recompensado con vistas panor\u00e1micas que te dejar\u00e1n sin palabras. Podr\u00e1s contemplar las ic\u00f3nicas ruinas de Machu Picchu desde un \u00e1ngulo privilegiado, rodeadas por un paisaje natural que parece salido de un sue\u00f1o, con monta\u00f1as cubiertas de vegetaci\u00f3n exuberante y profundos valles que se extienden hasta donde alcanza la vista.<\/h4>\n<h4 style=\"text-align: justify;\">La caminata, que tiene una duraci\u00f3n aproximada de 3 horas en total, es perfecta para los amantes de la aventura y la naturaleza, as\u00ed como para aquellos que buscan un desaf\u00edo f\u00edsico que les permita conectar con la majestuosidad de este lugar sagrado. Es importante contar con una buena condici\u00f3n f\u00edsica, ya que el ascenso requiere esfuerzo y determinaci\u00f3n, pero cada paso que des te acercar\u00e1 a una experiencia inolvidable. La sensaci\u00f3n de logro al llegar a la cima, combinada con la impresionante vista que se despliega ante tus ojos, har\u00e1 que todo el esfuerzo valga la pena.<\/h4>\n<h4 style=\"text-align: justify;\">Aunque este boleto no incluye acceso a las \u00e1reas inferiores de Machu Picchu, te brinda la oportunidad de disfrutar de la cl\u00e1sica y espectacular vista de la ciudadela desde las alturas. Este es el lugar perfecto para capturar fotograf\u00edas que inmortalicen tu aventura y para crear recuerdos que atesorar\u00e1s para siempre. Imagina estar en la cima, rodeado de la energ\u00eda m\u00edstica de los Andes, sintiendo la conexi\u00f3n con la historia y la naturaleza en su m\u00e1xima expresi\u00f3n.<\/h4>\n<h4 style=\"text-align: justify;\">Si est\u00e1s buscando algo m\u00e1s que una simple visita tur\u00edstica, esta caminata es para ti. Es una experiencia que combina historia, cultura, naturaleza y aventura en un solo recorrido. Atr\u00e9vete a explorar, a desafiar tus l\u00edmites y a descubrir la magia de la Monta\u00f1a Machu Picchu. \u00a1La cima te espera con los brazos abiertos y una vista que quedar\u00e1 grabada en tu coraz\u00f3n para siempre!<\/h4>\n<h4 style=\"text-align: justify;\"><\/h4>\n<p>[\/et_pb_text][\/et_pb_column][\/et_pb_row][et_pb_row column_structure=&#8221;1_2,1_2&#8243; _builder_version=&#8221;4.27.4&#8243; _module_preset=&#8221;default&#8221; global_colors_info=&#8221;{}&#8221; theme_builder_area=&#8221;post_content&#8221;][et_pb_column type=&#8221;1_2&#8243; _builder_version=&#8221;4.27.4&#8243; _module_preset=&#8221;default&#8221; global_colors_info=&#8221;{}&#8221; theme_builder_area=&#8221;post_content&#8221;][et_pb_image src=&#8221;https:\/\/travelexperienceperu.com\/wp-content\/uploads\/2025\/05\/5.png&#8221; title_text=&#8221;5&#8243; _builder_version=&#8221;4.27.4&#8243; _module_preset=&#8221;default&#8221; border_radii=&#8221;on|12px|12px|12px|12px&#8221; global_colors_info=&#8221;{}&#8221; theme_builder_area=&#8221;post_content&#8221;][\/et_pb_image][\/et_pb_column][et_pb_column type=&#8221;1_2&#8243; _builder_version=&#8221;4.27.4&#8243; _module_preset=&#8221;default&#8221; global_colors_info=&#8221;{}&#8221; theme_builder_area=&#8221;post_content&#8221;][et_pb_image src=&#8221;https:\/\/travelexperienceperu.com\/wp-content\/uploads\/2025\/05\/8.png&#8221; title_text=&#8221;8&#8243; _builder_version=&#8221;4.27.4&#8243; _module_preset=&#8221;default&#8221; width=&#8221;89%&#8221; border_radii=&#8221;on|12px|12px|12px|12px&#8221; global_colors_info=&#8221;{}&#8221; theme_builder_area=&#8221;post_content&#8221;][\/et_pb_image][et_pb_text _builder_version=&#8221;4.27.4&#8243; _module_preset=&#8221;default&#8221; text_text_color=&#8221;#B83A01&#8243; header_text_align=&#8221;left&#8221; header_text_color=&#8221;#B83A01&#8243; header_3_text_color=&#8221;#f42602&#8243; custom_padding=&#8221;||0px|||&#8221; header_2_text_shadow_style=&#8221;preset2&#8243; header_3_text_shadow_style=&#8221;preset2&#8243; locked=&#8221;off&#8221; global_colors_info=&#8221;{}&#8221; theme_builder_area=&#8221;post_content&#8221;]<\/p>\n<h3 style=\"text-align: right;\">Tarifa por Persona:<\/h3>\n<h3 style=\"text-align: right;\"><span style=\"color: #ff0000;\">$600<\/span><\/h3>\n<p>[\/et_pb_text][\/et_pb_column][\/et_pb_row][\/et_pb_section]<\/p>\n","protected":false},"excerpt":{"rendered":"<p>Esta emocionante y desafiante caminata es una invitaci\u00f3n a vivir una experiencia \u00fanica en la vida: alcanzar la cumbre de la imponente Monta\u00f1a Machu Picchu. Este majestuoso pico, que se alza con orgullo sobre la legendaria ciudadela inca, ofrece una perspectiva completamente diferente y fascinante de uno de los destinos m\u00e1s emblem\u00e1ticos del mundo. Desde [&hellip;]<\/p>\n","protected":false},"author":1,"featured_media":146,"parent":133,"menu_order":0,"comment_status":"closed","ping_status":"closed","template":"","meta":{"_et_pb_use_builder":"on","_et_pb_old_content":"","_et_gb_content_width":"","footnotes":""},"class_list":["post-169","page","type-page","status-publish","has-post-thumbnail","hentry"],"_links":{"self":[{"href":"https:\/\/travelexperienceperu.com\/index.php\/wp-json\/wp\/v2\/pages\/169","targetHints":{"allow":["GET"]}}],"collection":[{"href":"https:\/\/travelexperienceperu.com\/index.php\/wp-json\/wp\/v2\/pages"}],"about":[{"href":"https:\/\/travelexperienceperu.com\/index.php\/wp-json\/wp\/v2\/types\/page"}],"author":[{"embeddable":true,"href":"https:\/\/travelexperienceperu.com\/index.php\/wp-json\/wp\/v2\/users\/1"}],"replies":[{"embeddable":true,"href":"https:\/\/travelexperienceperu.com\/index.php\/wp-json\/wp\/v2\/comments?post=169"}],"version-history":[{"count":21,"href":"https:\/\/travelexperienceperu.com\/index.php\/wp-json\/wp\/v2\/pages\/169\/revisions"}],"predecessor-version":[{"id":1814,"href":"https:\/\/travelexperienceperu.com\/index.php\/wp-json\/wp\/v2\/pages\/169\/revisions\/1814"}],"up":[{"embeddable":true,"href":"https:\/\/travelexperienceperu.com\/index.php\/wp-json\/wp\/v2\/pages\/133"}],"wp:featuredmedia":[{"embeddable":true,"href":"https:\/\/travelexperienceperu.com\/index.php\/wp-json\/wp\/v2\/media\/146"}],"wp:attachment":[{"href":"https:\/\/travelexperienceperu.com\/index.php\/wp-json\/wp\/v2\/media?parent=169"}],"curies":[{"name":"wp","href":"https:\/\/api.w.org\/{rel}","templated":true}]}}