{"id":1203,"date":"2025-07-19T03:46:42","date_gmt":"2025-07-19T03:46:42","guid":{"rendered":"https:\/\/travelexperienceperu.com\/?page_id=1203"},"modified":"2025-11-29T03:15:19","modified_gmt":"2025-11-29T03:15:19","slug":"artesanias","status":"publish","type":"page","link":"https:\/\/travelexperienceperu.com\/index.php\/artesanias\/","title":{"rendered":"Artesanias"},"content":{"rendered":"<p>[et_pb_section fb_built=&#8221;1&#8243; _builder_version=&#8221;4.27.4&#8243; _module_preset=&#8221;default&#8221; background_color=&#8221;#2a2632&#8243; custom_padding=&#8221;5px||||false|false&#8221; da_disable_devices=&#8221;off|off|off&#8221; global_colors_info=&#8221;{}&#8221; da_is_popup=&#8221;off&#8221; da_exit_intent=&#8221;off&#8221; da_has_close=&#8221;on&#8221; da_alt_close=&#8221;off&#8221; da_dark_close=&#8221;off&#8221; da_not_modal=&#8221;on&#8221; da_is_singular=&#8221;off&#8221; da_with_loader=&#8221;off&#8221; da_has_shadow=&#8221;on&#8221;][et_pb_row _builder_version=&#8221;4.27.4&#8243; _module_preset=&#8221;default&#8221; background_image=&#8221;https:\/\/travelexperienceperu.com\/wp-content\/uploads\/2025\/10\/artesania1.png&#8221; background_blend=&#8221;color-burn&#8221; width=&#8221;100%&#8221; max_width=&#8221;1545px&#8221; border_radii=&#8221;on|12px|12px|12px|12px&#8221; box_shadow_style=&#8221;preset1&#8243; global_colors_info=&#8221;{}&#8221;][et_pb_column type=&#8221;4_4&#8243; _builder_version=&#8221;4.27.4&#8243; _module_preset=&#8221;default&#8221; global_colors_info=&#8221;{}&#8221;][et_pb_text _builder_version=&#8221;4.27.4&#8243; _module_preset=&#8221;default&#8221; header_text_color=&#8221;#FFFF72&#8243; custom_css_free_form=&#8221;    @media (max-width: 767px) {||      h1 {||        font-size: 40px;||      }||    }&#8221; header_text_shadow_style=&#8221;preset1&#8243; header_text_shadow_color=&#8221;#8A6E37&#8243; global_colors_info=&#8221;{}&#8221;]<\/p>\n<h1 dir=\"auto\" style=\"text-align: center;\">Artesanias<\/h1>\n<p>[\/et_pb_text][\/et_pb_column][\/et_pb_row][et_pb_row column_structure=&#8221;1_2,1_2&#8243; use_custom_gutter=&#8221;on&#8221; gutter_width=&#8221;2&#8243; make_equal=&#8221;on&#8221; _builder_version=&#8221;4.27.4&#8243; _module_preset=&#8221;default&#8221; width=&#8221;100%&#8221; hover_enabled=&#8221;0&#8243; global_colors_info=&#8221;{}&#8221; sticky_enabled=&#8221;0&#8243;][et_pb_column type=&#8221;1_2&#8243; _builder_version=&#8221;4.27.4&#8243; _module_preset=&#8221;default&#8221; global_colors_info=&#8221;{}&#8221;][et_pb_text _builder_version=&#8221;4.27.4&#8243; _module_preset=&#8221;default&#8221; text_text_color=&#8221;#ECA325&#8243; header_text_color=&#8221;#ECA325&#8243; header_2_text_color=&#8221;#ECA325&#8243; background_color=&#8221;#B83A01&#8243; custom_margin=&#8221;|12px||12px|false|false&#8221; custom_margin_tablet=&#8221;|12px||12px|false|false&#8221; custom_margin_phone=&#8221;|12px||12px|false|false&#8221; custom_margin_last_edited=&#8221;on|tablet&#8221; custom_padding=&#8221;10px||||false|false&#8221; custom_css_free_form=&#8221;    @media (max-width: 767px) {||      h2 {||        font-size: 20px;||      }||    }&#8221; border_radii=&#8221;on|12px|12px|12px|12px&#8221; global_colors_info=&#8221;{}&#8221;]<\/p>\n<h2 style=\"text-align: center;\">Artesania de Cusco<\/h2>\n<p>[\/et_pb_text][et_pb_text _builder_version=&#8221;4.27.4&#8243; _module_preset=&#8221;default&#8221; header_text_align=&#8221;center&#8221; text_orientation=&#8221;center&#8221; background_layout=&#8221;dark&#8221; animation_style=&#8221;flip&#8221; text_text_shadow_style=&#8221;preset2&#8243; global_colors_info=&#8221;{}&#8221;]<\/p>\n<h5 style=\"text-align: justify;\"><strong>Cusco<\/strong><span>, fue un lugar donde las artesan\u00edas no solo florecieron, sino que tambi\u00e9n se integraron de manera esencial en la vida cotidiana, las pr\u00e1cticas religiosas y las actividades pol\u00edticas. La<\/span><strong><span>\u00a0<\/span>artesan\u00eda en Cusco<\/strong><span>\u00a0tiene sus ra\u00edces en la \u00e9poca prehisp\u00e1nica, donde los incas desarrollaron t\u00e9cnicas avanzadas en textiles, cer\u00e1mica y metalurgia, reflejando su cosmovisi\u00f3n y conexi\u00f3n con la naturaleza.<\/span><\/h5>\n<p>[\/et_pb_text][et_pb_image src=&#8221;https:\/\/travelexperienceperu.com\/wp-content\/uploads\/2025\/07\/artesania-platos-peru.jpg&#8221; title_text=&#8221;artesania platos peru&#8221; align=&#8221;center&#8221; _builder_version=&#8221;4.27.4&#8243; _module_preset=&#8221;default&#8221; width=&#8221;64%&#8221; module_alignment=&#8221;center&#8221; border_radii=&#8221;on|12px|12px|12px|12px&#8221; box_shadow_style=&#8221;preset1&#8243; global_colors_info=&#8221;{}&#8221;][\/et_pb_image][\/et_pb_column][et_pb_column type=&#8221;1_2&#8243; _builder_version=&#8221;4.27.4&#8243; _module_preset=&#8221;default&#8221; global_colors_info=&#8221;{}&#8221;][et_pb_text _builder_version=&#8221;4.27.4&#8243; _module_preset=&#8221;default&#8221; text_text_color=&#8221;#ECA325&#8243; header_text_color=&#8221;#ECA325&#8243; header_2_text_color=&#8221;#ECA325&#8243; background_color=&#8221;#B83A01&#8243; custom_margin=&#8221;|12px||12px|false|false&#8221; custom_margin_tablet=&#8221;|12px||12px|false|false&#8221; custom_margin_phone=&#8221;|12px||12px|false|false&#8221; custom_margin_last_edited=&#8221;on|tablet&#8221; custom_padding=&#8221;10px||||false|false&#8221; custom_css_free_form=&#8221;    @media (max-width: 767px) {||      h2 {||        font-size: 20px;||      }||    }&#8221; border_radii=&#8221;on|12px|12px|12px|12px&#8221; global_colors_info=&#8221;{}&#8221;]<\/p>\n<h2 style=\"text-align: center;\">Artesania de la Patagonia<\/h2>\n<p>[\/et_pb_text][et_pb_text _builder_version=&#8221;4.27.4&#8243; _module_preset=&#8221;default&#8221; header_text_align=&#8221;center&#8221; text_orientation=&#8221;center&#8221; background_layout=&#8221;dark&#8221; animation_style=&#8221;flip&#8221; text_text_shadow_style=&#8221;preset2&#8243; global_colors_info=&#8221;{}&#8221;]<\/p>\n<h5 style=\"text-align: justify;\">Sum\u00e9rgete en el mundo de las artesan\u00edas patag\u00f3nicas, donde la naturaleza y la cultura se fusionan en cada creaci\u00f3n. Elaboradas con materiales aut\u00f3ctonos como lana de oveja, madera y piedras, estas piezas reflejan la identidad de los pueblos originarios y la influencia de la vida rural. Desde tejidos y cer\u00e1micas hasta esculturas y objetos decorativos, las artesan\u00edas de la Patagonia transmiten historias, tradiciones y el esp\u00edritu \u00fanico de esta regi\u00f3n austral.<\/h5>\n<p>[\/et_pb_text][et_pb_image src=&#8221;https:\/\/travelexperienceperu.com\/wp-content\/uploads\/2025\/07\/artesaniapatagonia.jpg&#8221; title_text=&#8221;artesaniapatagonia&#8221; align=&#8221;center&#8221; _builder_version=&#8221;4.27.4&#8243; _module_preset=&#8221;default&#8221; hover_enabled=&#8221;0&#8243; border_radii=&#8221;on|12px|12px|12px|12px&#8221; box_shadow_style=&#8221;preset1&#8243; global_colors_info=&#8221;{}&#8221; show_bottom_space=&#8221;off&#8221; width=&#8221;63%&#8221; sticky_enabled=&#8221;0&#8243;][\/et_pb_image][\/et_pb_column][\/et_pb_row][et_pb_row column_structure=&#8221;1_2,1_2&#8243; use_custom_gutter=&#8221;on&#8221; gutter_width=&#8221;2&#8243; make_equal=&#8221;on&#8221; _builder_version=&#8221;4.27.4&#8243; _module_preset=&#8221;default&#8221; width=&#8221;100%&#8221; global_colors_info=&#8221;{}&#8221;][et_pb_column type=&#8221;1_2&#8243; _builder_version=&#8221;4.27.4&#8243; _module_preset=&#8221;default&#8221; global_colors_info=&#8221;{}&#8221;][et_pb_text _builder_version=&#8221;4.27.4&#8243; _module_preset=&#8221;default&#8221; text_text_color=&#8221;#ECA325&#8243; header_text_color=&#8221;#ECA325&#8243; header_2_text_color=&#8221;#ECA325&#8243; background_color=&#8221;#B83A01&#8243; custom_margin=&#8221;|12px||12px|false|false&#8221; custom_margin_tablet=&#8221;|12px||12px|false|false&#8221; custom_margin_phone=&#8221;|12px||12px|false|false&#8221; custom_margin_last_edited=&#8221;on|tablet&#8221; custom_padding=&#8221;10px||||false|false&#8221; custom_css_free_form=&#8221;    @media (max-width: 767px) {||      h2 {||        font-size: 20px;||      }||    }&#8221; border_radii=&#8221;on|12px|12px|12px|12px&#8221; global_colors_info=&#8221;{}&#8221;]<\/p>\n<h2 style=\"text-align: center;\">Artesania de Peru<\/h2>\n<p>[\/et_pb_text][et_pb_text _builder_version=&#8221;4.27.4&#8243; _module_preset=&#8221;default&#8221; header_text_align=&#8221;center&#8221; text_orientation=&#8221;center&#8221; background_layout=&#8221;dark&#8221; animation_style=&#8221;flip&#8221; text_text_shadow_style=&#8221;preset2&#8243; global_colors_info=&#8221;{}&#8221;]<\/p>\n<h5 style=\"text-align: justify;\">Descubre la riqueza de las artesan\u00edas peruanas, expresi\u00f3n viva de la cultura y tradici\u00f3n ancestral. Cada pieza est\u00e1 elaborada por manos expertas, utilizando t\u00e9cnicas heredadas y materiales aut\u00f3ctonos como lana, algod\u00f3n, cer\u00e1mica y madera. Desde coloridos textiles hasta delicadas esculturas, las artesan\u00edas de Per\u00fa reflejan la identidad de sus pueblos y la creatividad de sus artesanos, ofreciendo objetos \u00fanicos que cuentan historias y preservan el legado cultural del pa\u00eds.<\/h5>\n<p>[\/et_pb_text][et_pb_image src=&#8221;https:\/\/travelexperienceperu.com\/wp-content\/uploads\/2025\/10\/artesaniaperu2-2.png&#8221; alt=&#8221;Vive la Experiencia&#8221; title_text=&#8221;artesaniaperu2 (2)&#8221; align=&#8221;center&#8221; _builder_version=&#8221;4.27.4&#8243; _module_preset=&#8221;default&#8221; width=&#8221;100%&#8221; border_radii=&#8221;on|12px|12px|12px|12px&#8221; box_shadow_style=&#8221;preset1&#8243; global_colors_info=&#8221;{}&#8221;][\/et_pb_image][\/et_pb_column][et_pb_column type=&#8221;1_2&#8243; _builder_version=&#8221;4.27.4&#8243; _module_preset=&#8221;default&#8221; global_colors_info=&#8221;{}&#8221;][et_pb_text content_tablet=&#8221;<\/p>\n<h2 style=%22text-align: center;%22><strong>Artesania de Puerto Maldonado<\/strong><\/h2>\n<p>&#8221; content_last_edited=&#8221;off|desktop&#8221; _builder_version=&#8221;4.27.4&#8243; _module_preset=&#8221;default&#8221; text_text_color=&#8221;#ECA325&#8243; header_text_color=&#8221;#ECA325&#8243; header_2_text_color=&#8221;#ECA325&#8243; background_color=&#8221;#B83A01&#8243; custom_margin=&#8221;|12px||12px|false|false&#8221; custom_margin_tablet=&#8221;|12px||12px|false|false&#8221; custom_margin_phone=&#8221;|12px||12px|false|false&#8221; custom_margin_last_edited=&#8221;on|tablet&#8221; custom_padding=&#8221;10px||||false|false&#8221; custom_css_free_form=&#8221;    @media (max-width: 767px) {||      h2 {||        font-size: 20px;||      }||    }&#8221; border_radii=&#8221;on|12px|12px|12px|12px&#8221; global_colors_info=&#8221;{}&#8221;]<\/p>\n<h2 style=\"text-align: center;\">Artesania de Puerto Maldonado<\/h2>\n<p>[\/et_pb_text][et_pb_text _builder_version=&#8221;4.27.4&#8243; _module_preset=&#8221;default&#8221; header_text_align=&#8221;center&#8221; text_orientation=&#8221;center&#8221; background_layout=&#8221;dark&#8221; animation_style=&#8221;flip&#8221; text_text_shadow_style=&#8221;preset2&#8243; global_colors_info=&#8221;{}&#8221;]<\/p>\n<h5 style=\"text-align: justify;\">Descubre las artesan\u00edas de Puerto Maldonado, donde la selva amaz\u00f3nica inspira cada creaci\u00f3n. Elaboradas por comunidades locales, estas piezas utilizan materiales naturales como semillas, fibras vegetales y maderas nativas. Desde coloridos collares y pulseras hasta objetos decorativos y utilitarios, las artesan\u00edas de Puerto Maldonado reflejan la biodiversidad, cultura y tradiciones de la regi\u00f3n, ofreciendo recuerdos \u00fanicos y aut\u00e9nticos del coraz\u00f3n de la Amazon\u00eda peruana.<\/h5>\n<p>[\/et_pb_text][et_pb_image src=&#8221;https:\/\/travelexperienceperu.com\/wp-content\/uploads\/2025\/07\/artesaniapuerto.jpg&#8221; title_text=&#8221;artesaniapuerto&#8221; align=&#8221;center&#8221; _builder_version=&#8221;4.27.4&#8243; _module_preset=&#8221;default&#8221; hover_enabled=&#8221;0&#8243; border_radii=&#8221;on|12px|12px|12px|12px&#8221; box_shadow_style=&#8221;preset1&#8243; global_colors_info=&#8221;{}&#8221; max_width=&#8221;74%&#8221; sticky_enabled=&#8221;0&#8243;][\/et_pb_image][\/et_pb_column][\/et_pb_row][et_pb_row column_structure=&#8221;1_2,1_2&#8243; use_custom_gutter=&#8221;on&#8221; gutter_width=&#8221;2&#8243; make_equal=&#8221;on&#8221; _builder_version=&#8221;4.27.4&#8243; _module_preset=&#8221;default&#8221; width=&#8221;100%&#8221; global_colors_info=&#8221;{}&#8221;][et_pb_column type=&#8221;1_2&#8243; _builder_version=&#8221;4.27.4&#8243; _module_preset=&#8221;default&#8221; global_colors_info=&#8221;{}&#8221;][et_pb_text _builder_version=&#8221;4.27.4&#8243; _module_preset=&#8221;default&#8221; text_text_color=&#8221;#ECA325&#8243; header_text_color=&#8221;#ECA325&#8243; header_2_text_color=&#8221;#ECA325&#8243; background_color=&#8221;#B83A01&#8243; custom_margin=&#8221;|12px||12px|false|false&#8221; custom_margin_tablet=&#8221;|12px||12px|false|false&#8221; custom_margin_phone=&#8221;|12px||12px|false|false&#8221; custom_margin_last_edited=&#8221;on|tablet&#8221; custom_padding=&#8221;10px||||false|false&#8221; custom_css_free_form=&#8221;    @media (max-width: 767px) {||      h2 {||        font-size: 20px;||      }||    }&#8221; border_radii=&#8221;on|12px|12px|12px|12px&#8221; global_colors_info=&#8221;{}&#8221;]<\/p>\n<h2 style=\"text-align: center;\">Artesania de Chile<\/h2>\n<p>[\/et_pb_text][et_pb_text _builder_version=&#8221;4.27.4&#8243; _module_preset=&#8221;default&#8221; header_text_align=&#8221;center&#8221; text_orientation=&#8221;center&#8221; background_layout=&#8221;dark&#8221; animation_style=&#8221;flip&#8221; text_text_shadow_style=&#8221;preset2&#8243; global_colors_info=&#8221;{}&#8221;]<\/p>\n<h5 style=\"text-align: justify;\">Explora la autenticidad de las artesan\u00edas chilenas, reflejo de la diversidad cultural y creatividad de sus pueblos. Cada pieza est\u00e1 elaborada con t\u00e9cnicas tradicionales y materiales locales como lana, madera, cer\u00e1mica y cobre. Desde tejidos mapuches hasta delicadas figuras en greda, las artesan\u00edas de Chile transmiten historias, identidad y el arte de generaciones, ofreciendo objetos \u00fanicos que preservan el patrimonio cultural del pa\u00eds.<\/h5>\n<p>[\/et_pb_text][et_pb_image src=&#8221;https:\/\/travelexperienceperu.com\/wp-content\/uploads\/2025\/07\/artesaniachile.jpg&#8221; title_text=&#8221;artesaniachile&#8221; align=&#8221;center&#8221; _builder_version=&#8221;4.27.4&#8243; _module_preset=&#8221;default&#8221; border_radii=&#8221;on|12px|12px|12px|12px&#8221; box_shadow_style=&#8221;preset1&#8243; global_colors_info=&#8221;{}&#8221;][\/et_pb_image][\/et_pb_column][et_pb_column type=&#8221;1_2&#8243; _builder_version=&#8221;4.27.4&#8243; _module_preset=&#8221;default&#8221; global_colors_info=&#8221;{}&#8221;][\/et_pb_column][\/et_pb_row][\/et_pb_section]<\/p>\n","protected":false},"excerpt":{"rendered":"<p>ArtesaniasArtesania de CuscoCusco, fue un lugar donde las artesan\u00edas no solo florecieron, sino que tambi\u00e9n se integraron de manera esencial en la vida cotidiana, las pr\u00e1cticas religiosas y las actividades pol\u00edticas. La\u00a0artesan\u00eda en Cusco\u00a0tiene sus ra\u00edces en la \u00e9poca prehisp\u00e1nica, donde los incas desarrollaron t\u00e9cnicas avanzadas en textiles, cer\u00e1mica y metalurgia, reflejando su cosmovisi\u00f3n y [&hellip;]<\/p>\n","protected":false},"author":1,"featured_media":0,"parent":0,"menu_order":0,"comment_status":"closed","ping_status":"closed","template":"","meta":{"_et_pb_use_builder":"on","_et_pb_old_content":"","_et_gb_content_width":"","footnotes":""},"class_list":["post-1203","page","type-page","status-publish","hentry"],"_links":{"self":[{"href":"https:\/\/travelexperienceperu.com\/index.php\/wp-json\/wp\/v2\/pages\/1203","targetHints":{"allow":["GET"]}}],"collection":[{"href":"https:\/\/travelexperienceperu.com\/index.php\/wp-json\/wp\/v2\/pages"}],"about":[{"href":"https:\/\/travelexperienceperu.com\/index.php\/wp-json\/wp\/v2\/types\/page"}],"author":[{"embeddable":true,"href":"https:\/\/travelexperienceperu.com\/index.php\/wp-json\/wp\/v2\/users\/1"}],"replies":[{"embeddable":true,"href":"https:\/\/travelexperienceperu.com\/index.php\/wp-json\/wp\/v2\/comments?post=1203"}],"version-history":[{"count":24,"href":"https:\/\/travelexperienceperu.com\/index.php\/wp-json\/wp\/v2\/pages\/1203\/revisions"}],"predecessor-version":[{"id":1889,"href":"https:\/\/travelexperienceperu.com\/index.php\/wp-json\/wp\/v2\/pages\/1203\/revisions\/1889"}],"wp:attachment":[{"href":"https:\/\/travelexperienceperu.com\/index.php\/wp-json\/wp\/v2\/media?parent=1203"}],"curies":[{"name":"wp","href":"https:\/\/api.w.org\/{rel}","templated":true}]}}